{"id":126,"date":"2025-10-13T17:39:13","date_gmt":"2025-10-13T17:39:13","guid":{"rendered":"https:\/\/xn--vingrdenbombus-oib.dk\/?page_id=126"},"modified":"2026-03-18T14:34:12","modified_gmt":"2026-03-18T14:34:12","slug":"forside","status":"publish","type":"page","link":"https:\/\/xn--vingrdenbombus-oib.dk\/","title":{"rendered":"Forside"},"content":{"rendered":"\n<h2 class=\"wp-block-heading has-text-align-center\">Velkommen til Ving\u00e5rden Bombus<\/h2>\n\n\n\n<figure class=\"wp-block-image aligncenter size-full has-custom-border is-style-default\"><img loading=\"lazy\" decoding=\"async\" width=\"836\" height=\"627\" src=\"https:\/\/xn--vingrdenbombus-oib.dk\/wp-content\/uploads\/2024\/10\/IMG_2529_Original.jpeg\" alt=\"\" class=\"has-border-color has-ast-global-color-2-border-color wp-image-10\" style=\"border-width:6px;border-radius:21px\" srcset=\"https:\/\/xn--vingrdenbombus-oib.dk\/wp-content\/uploads\/2024\/10\/IMG_2529_Original.jpeg 836w, https:\/\/xn--vingrdenbombus-oib.dk\/wp-content\/uploads\/2024\/10\/IMG_2529_Original-300x225.jpeg 300w, https:\/\/xn--vingrdenbombus-oib.dk\/wp-content\/uploads\/2024\/10\/IMG_2529_Original-768x576.jpeg 768w\" sizes=\"auto, (max-width: 836px) 100vw, 836px\" \/><\/figure>\n\n\n\n<p>Ving\u00e5rden bombus er en mikroving\u00e5rd placeret p\u00e5 den jyske hede midt mellem Holstebro og Herning. <br>At lave vin er vores store passion som vi sammen har dyrket siden \u00e5r 1999 hvor vi plantede vores f\u00f8rste vinstokke. Siden er der sket meget og i dag har vi 220 vinstokke og producerer over 500 flasker vin om \u00e5ret.<\/p>\n\n\n\n<p>Her p\u00e5 siden kan du l\u00e6se mere om ving\u00e5rden og om hvordan du kan f\u00e5 et unik indblik i vores bud p\u00e5 vinproduktion i Danmark p\u00e5 en af vores rundvisninger.<br><\/p>\n\n\n\n<h3 class=\"wp-block-heading has-text-align-center\">L\u00e6s mere om<\/h3>\n\n\n\n<div class=\"wp-block-columns is-layout-flex wp-container-core-columns-is-layout-28f84493 wp-block-columns-is-layout-flex\">\n<div class=\"wp-block-column is-layout-flow wp-block-column-is-layout-flow\">\n<figure class=\"wp-block-image aligncenter size-full\"><a href=\"https:\/\/xn--vingrdenbombus-oib.dk\/?page_id=128\"><img loading=\"lazy\" decoding=\"async\" width=\"350\" height=\"73\" src=\"https:\/\/xn--vingrdenbombus-oib.dk\/wp-content\/uploads\/2025\/10\/VingaardenKnap-2.png\" alt=\"\" class=\"wp-image-146\" srcset=\"https:\/\/xn--vingrdenbombus-oib.dk\/wp-content\/uploads\/2025\/10\/VingaardenKnap-2.png 350w, https:\/\/xn--vingrdenbombus-oib.dk\/wp-content\/uploads\/2025\/10\/VingaardenKnap-2-300x63.png 300w\" sizes=\"auto, (max-width: 350px) 100vw, 350px\" \/><\/a><\/figure>\n<\/div>\n\n\n\n<div class=\"wp-block-column is-layout-flow wp-block-column-is-layout-flow\">\n<figure class=\"wp-block-image aligncenter size-full\"><a href=\"https:\/\/xn--vingrdenbombus-oib.dk\/?page_id=130\"><img loading=\"lazy\" decoding=\"async\" width=\"350\" height=\"73\" src=\"https:\/\/xn--vingrdenbombus-oib.dk\/wp-content\/uploads\/2025\/10\/OplevelsenKnap-1.png\" alt=\"\" class=\"wp-image-147\" srcset=\"https:\/\/xn--vingrdenbombus-oib.dk\/wp-content\/uploads\/2025\/10\/OplevelsenKnap-1.png 350w, https:\/\/xn--vingrdenbombus-oib.dk\/wp-content\/uploads\/2025\/10\/OplevelsenKnap-1-300x63.png 300w\" sizes=\"auto, (max-width: 350px) 100vw, 350px\" \/><\/a><\/figure>\n<\/div>\n\n\n\n<div class=\"wp-block-column is-layout-flow wp-block-column-is-layout-flow\">\n<figure class=\"wp-block-image size-full\"><a href=\"https:\/\/xn--vingrdenbombus-oib.dk\/?page_id=153\"><img loading=\"lazy\" decoding=\"async\" width=\"350\" height=\"73\" src=\"https:\/\/xn--vingrdenbombus-oib.dk\/wp-content\/uploads\/2025\/10\/HistorienKnap-1.png\" alt=\"\" class=\"wp-image-148\" srcset=\"https:\/\/xn--vingrdenbombus-oib.dk\/wp-content\/uploads\/2025\/10\/HistorienKnap-1.png 350w, https:\/\/xn--vingrdenbombus-oib.dk\/wp-content\/uploads\/2025\/10\/HistorienKnap-1-300x63.png 300w\" sizes=\"auto, (max-width: 350px) 100vw, 350px\" \/><\/a><\/figure>\n<\/div>\n<\/div>\n\n\n\n<div class=\"wp-block-columns is-layout-flex wp-container-core-columns-is-layout-28f84493 wp-block-columns-is-layout-flex\">\n<div class=\"wp-block-column is-vertically-aligned-center is-layout-flow wp-block-column-is-layout-flow\" style=\"flex-basis:66.66%\">\n<h2 class=\"wp-block-heading has-text-align-center\">Bookning af rundvisning<\/h2>\n\n\n\n<p>\u00d8nsker du at booke en rundvisning kontakter du os p\u00e5 mail eller telefon og herefter kan vi sammen finde det bedste tidspunkt og sammens\u00e6tning af oplevelsen der passer til jeres behov.<br>Du finder vores kontaktoplysninger her:<\/p>\n\n\n\n<figure class=\"wp-block-image aligncenter size-full\"><a href=\"https:\/\/xn--vingrdenbombus-oib.dk\/?page_id=132\"><img loading=\"lazy\" decoding=\"async\" width=\"350\" height=\"73\" src=\"https:\/\/xn--vingrdenbombus-oib.dk\/wp-content\/uploads\/2025\/10\/Kontakt-knap.png\" alt=\"\" class=\"wp-image-177\" srcset=\"https:\/\/xn--vingrdenbombus-oib.dk\/wp-content\/uploads\/2025\/10\/Kontakt-knap.png 350w, https:\/\/xn--vingrdenbombus-oib.dk\/wp-content\/uploads\/2025\/10\/Kontakt-knap-300x63.png 300w\" sizes=\"auto, (max-width: 350px) 100vw, 350px\" \/><\/a><\/figure>\n<\/div>\n\n\n\n<div class=\"wp-block-column is-layout-flow wp-block-column-is-layout-flow\" style=\"flex-basis:33.33%\">\n<figure class=\"wp-block-image aligncenter size-full\"><img loading=\"lazy\" decoding=\"async\" width=\"450\" height=\"1008\" src=\"https:\/\/xn--vingrdenbombus-oib.dk\/wp-content\/uploads\/2025\/10\/Logo.png\" alt=\"\" class=\"wp-image-178\" srcset=\"https:\/\/xn--vingrdenbombus-oib.dk\/wp-content\/uploads\/2025\/10\/Logo.png 450w, https:\/\/xn--vingrdenbombus-oib.dk\/wp-content\/uploads\/2025\/10\/Logo-134x300.png 134w\" sizes=\"auto, (max-width: 450px) 100vw, 450px\" \/><\/figure>\n<\/div>\n<\/div>\n","protected":false},"excerpt":{"rendered":"<p>Velkommen til Ving\u00e5rden Bombus Ving\u00e5rden bombus er en mikroving\u00e5rd placeret p\u00e5 den jyske hede midt mellem Holstebro og Herning. At [&hellip;]<\/p>\n","protected":false},"author":1,"featured_media":0,"parent":0,"menu_order":0,"comment_status":"closed","ping_status":"closed","template":"","meta":{"site-sidebar-layout":"default","site-content-layout":"","ast-site-content-layout":"","site-content-style":"default","site-sidebar-style":"default","ast-global-header-display":"","ast-banner-title-visibility":"","ast-main-header-display":"","ast-hfb-above-header-display":"","ast-hfb-below-header-display":"","ast-hfb-mobile-header-display":"","site-post-title":"disabled","ast-breadcrumbs-content":"","ast-featured-img":"","footer-sml-layout":"","theme-transparent-header-meta":"","adv-header-id-meta":"","stick-header-meta":"","header-above-stick-meta":"","header-main-stick-meta":"","header-below-stick-meta":"","astra-migrate-meta-layouts":"default","ast-page-background-enabled":"default","ast-page-background-meta":{"desktop":{"background-color":"var(--ast-global-color-4)","background-image":"","background-repeat":"repeat","background-position":"center center","background-size":"auto","background-attachment":"scroll","background-type":"","background-media":"","overlay-type":"","overlay-color":"","overlay-opacity":"","overlay-gradient":""},"tablet":{"background-color":"","background-image":"","background-repeat":"repeat","background-position":"center center","background-size":"auto","background-attachment":"scroll","background-type":"","background-media":"","overlay-type":"","overlay-color":"","overlay-opacity":"","overlay-gradient":""},"mobile":{"background-color":"","background-image":"","background-repeat":"repeat","background-position":"center center","background-size":"auto","background-attachment":"scroll","background-type":"","background-media":"","overlay-type":"","overlay-color":"","overlay-opacity":"","overlay-gradient":""}},"ast-content-background-meta":{"desktop":{"background-color":"var(--ast-global-color-5)","background-image":"","background-repeat":"repeat","background-position":"center center","background-size":"auto","background-attachment":"scroll","background-type":"","background-media":"","overlay-type":"","overlay-color":"","overlay-opacity":"","overlay-gradient":""},"tablet":{"background-color":"var(--ast-global-color-5)","background-image":"","background-repeat":"repeat","background-position":"center center","background-size":"auto","background-attachment":"scroll","background-type":"","background-media":"","overlay-type":"","overlay-color":"","overlay-opacity":"","overlay-gradient":""},"mobile":{"background-color":"var(--ast-global-color-5)","background-image":"","background-repeat":"repeat","background-position":"center center","background-size":"auto","background-attachment":"scroll","background-type":"","background-media":"","overlay-type":"","overlay-color":"","overlay-opacity":"","overlay-gradient":""}},"footnotes":""},"class_list":["post-126","page","type-page","status-publish","hentry"],"_links":{"self":[{"href":"https:\/\/xn--vingrdenbombus-oib.dk\/index.php?rest_route=\/wp\/v2\/pages\/126","targetHints":{"allow":["GET"]}}],"collection":[{"href":"https:\/\/xn--vingrdenbombus-oib.dk\/index.php?rest_route=\/wp\/v2\/pages"}],"about":[{"href":"https:\/\/xn--vingrdenbombus-oib.dk\/index.php?rest_route=\/wp\/v2\/types\/page"}],"author":[{"embeddable":true,"href":"https:\/\/xn--vingrdenbombus-oib.dk\/index.php?rest_route=\/wp\/v2\/users\/1"}],"replies":[{"embeddable":true,"href":"https:\/\/xn--vingrdenbombus-oib.dk\/index.php?rest_route=%2Fwp%2Fv2%2Fcomments&post=126"}],"version-history":[{"count":12,"href":"https:\/\/xn--vingrdenbombus-oib.dk\/index.php?rest_route=\/wp\/v2\/pages\/126\/revisions"}],"predecessor-version":[{"id":207,"href":"https:\/\/xn--vingrdenbombus-oib.dk\/index.php?rest_route=\/wp\/v2\/pages\/126\/revisions\/207"}],"wp:attachment":[{"href":"https:\/\/xn--vingrdenbombus-oib.dk\/index.php?rest_route=%2Fwp%2Fv2%2Fmedia&parent=126"}],"curies":[{"name":"wp","href":"https:\/\/api.w.org\/{rel}","templated":true}]}}